{"id":121,"date":"2015-01-04T17:57:10","date_gmt":"2015-01-04T17:57:10","guid":{"rendered":"http:\/\/rythmique.ch\/newSite\/?page_id=121"},"modified":"2020-11-03T14:49:47","modified_gmt":"2020-11-03T13:49:47","slug":"a-lecole","status":"publish","type":"page","link":"https:\/\/rythmique.ch\/newSite\/a-lecole\/","title":{"rendered":"Rythmique \u00e0 l&#8217;\u00e9cole"},"content":{"rendered":"<p>[vc_row][vc_column width=&#8221;1\/1&#8243;][vc_column_text]<\/p>\n<p style=\"text-align: justify;\">En Suisse Romande, beaucoup d\u2019enfants b\u00e9n\u00e9ficient d\u2019une p\u00e9riode de rythmique par semaine, int\u00e9gr\u00e9e \u00e0 leur cursus scolaire (le plus souvent au cycle 1).<\/p>\n<p style=\"text-align: justify;\">Ils participent \u00e0 des activit\u00e9s vari\u00e9es en utilisant diff\u00e9rents mat\u00e9riels et avec le soutien de la musique improvis\u00e9e par l&#8217;enseignant\u00a0: au piano, \u00e0 la voix, aux percussions, etc.<\/p>\n<p style=\"text-align: justify;\">Le contenu des cours, en lien avec le plan d\u2019\u00e9tude romand, est men\u00e9 selon la m\u00e9thodologie Jaques-Dalcroze.<\/p>\n<p style=\"text-align: justify;\">Dans ces cours en milieu scolaire, les enfants abordent \u00e0 la fois des notions musicales <em>(expression, repr\u00e9sentation, perception, acquisition de techniques et culture)<\/em> et des notions corporelles <em>(activit\u00e9s motrices)<\/em>. Ils ont notamment l\u2019occasion d\u2019aborder la musique par le mouvement dans un grand espace en interaction avec les autres enfants de la classe.<\/p>\n<p style=\"text-align: justify;\">Ces cours ne sont pas ax\u00e9s sur l\u2019apprentissage d\u2019un instrument, ni du solf\u00e8ge.<\/p>\n<p style=\"text-align: justify;\">En revanche le corps, la voix et la cr\u00e9ativit\u00e9 sont grandement sollicit\u00e9s.<\/p>\n<p>[\/vc_column_text][\/vc_column][\/vc_row][vc_row][vc_column width=&#8221;1\/1&#8243;][vc_video link=&#8221;https:\/\/www.youtube.com\/watch?v=P1h0p7x5BPk&#8221;][\/vc_column][\/vc_row]<\/p>\n","protected":false},"excerpt":{"rendered":"<p>[vc_row][vc_column width=&#8221;1\/1&#8243;][vc_column_text] En Suisse Romande, beaucoup d\u2019enfants b\u00e9n\u00e9ficient d\u2019une p\u00e9riode de rythmique par semaine, int\u00e9gr\u00e9e \u00e0 leur cursus scolaire (le plus souvent au cycle 1)&#8230;.<\/p>\n<p class=\"readmore\"><a class=\"more-btn\" href=\"https:\/\/rythmique.ch\/newSite\/a-lecole\/\">Read More<\/a><\/p>\n","protected":false},"author":2,"featured_media":0,"parent":0,"menu_order":0,"comment_status":"closed","ping_status":"open","template":"","meta":{"footnotes":""},"class_list":["post-121","page","type-page","status-publish","hentry"],"_links":{"self":[{"href":"https:\/\/rythmique.ch\/newSite\/wp-json\/wp\/v2\/pages\/121","targetHints":{"allow":["GET"]}}],"collection":[{"href":"https:\/\/rythmique.ch\/newSite\/wp-json\/wp\/v2\/pages"}],"about":[{"href":"https:\/\/rythmique.ch\/newSite\/wp-json\/wp\/v2\/types\/page"}],"author":[{"embeddable":true,"href":"https:\/\/rythmique.ch\/newSite\/wp-json\/wp\/v2\/users\/2"}],"replies":[{"embeddable":true,"href":"https:\/\/rythmique.ch\/newSite\/wp-json\/wp\/v2\/comments?post=121"}],"version-history":[{"count":5,"href":"https:\/\/rythmique.ch\/newSite\/wp-json\/wp\/v2\/pages\/121\/revisions"}],"predecessor-version":[{"id":770,"href":"https:\/\/rythmique.ch\/newSite\/wp-json\/wp\/v2\/pages\/121\/revisions\/770"}],"wp:attachment":[{"href":"https:\/\/rythmique.ch\/newSite\/wp-json\/wp\/v2\/media?parent=121"}],"curies":[{"name":"wp","href":"https:\/\/api.w.org\/{rel}","templated":true}]}}

Rythmique à l&#8217;école

<p>[vc_row][vc_column width=&#8221;1/1&#8243;][vc_column_text]</p>
<p style="text-align: justify;">En Suisse Romande, beaucoup d’enfants bénéficient d’une période de rythmique par semaine, intégrée à leur cursus scolaire (le plus souvent au cycle 1).</p>
<p style="text-align: justify;">Ils participent à des activités variées en utilisant différents matériels et avec le soutien de la musique improvisée par l&#8217;enseignant : au piano, à la voix, aux percussions, etc.</p>
<p style="text-align: justify;">Le contenu des cours, en lien avec le plan d’étude romand, est mené selon la méthodologie Jaques-Dalcroze.</p>
<p style="text-align: justify;">Dans ces cours en milieu scolaire, les enfants abordent à la fois des notions musicales <em>(expression, représentation, perception, acquisition de techniques et culture)</em> et des notions corporelles <em>(activités motrices)</em>. Ils ont notamment l’occasion d’aborder la musique par le mouvement dans un grand espace en interaction avec les autres enfants de la classe.</p>
<p style="text-align: justify;">Ces cours ne sont pas axés sur l’apprentissage d’un instrument, ni du solfège.</p>
<p style="text-align: justify;">En revanche le corps, la voix et la créativité sont grandement sollicités.</p>
<p>[/vc_column_text][/vc_column][/vc_row][vc_row][vc_column width=&#8221;1/1&#8243;][vc_video link=&#8221;https://www.youtube.com/watch?v=P1h0p7x5BPk&#8221;][/vc_column][/vc_row]</p>

<p>[vc_row][vc_column width=&#8221;1/1&#8243;][vc_column_text] En Suisse Romande, beaucoup d’enfants bénéficient d’une période de rythmique par semaine, intégrée à leur cursus scolaire (le plus souvent au cycle 1)&#8230;.</p>
<p class="readmore"><a class="more-btn" href="https://rythmique.ch/newSite/a-lecole/">Read More</a></p>
